*i = 20, -j = -4*i + 8 - 18. Let f(v) = v**2 - 11*v + 7. Calculate f(j).
-3
Let h(m) = 3*m**3 + m**2 - 3*m - 9. Let j(s) = -2*s**3 + s**2 + 4*s + 10. Let t(p) = -3*h(p) - 4*j(p). Give t(-6).
-7
Let g(c) be the second derivative of -c**3/2 - c**2/2 - 3*c. Suppose -4 = -4*x - 12. Let r be g(x). Let m(w) = w**3 - 6*w**2 + 5*w + 2. What is m(r)?
2
Let y(a) = a**2 - 3*a - 10. Let c = 848 + -850. Give y(c).
0
Let b(y) = y + 3. Let w be (-2)/16 - (-226)/16. Let s be (0/(w/(-7)))/(1/(-1)). Calculate b(s).
3
Let w(f) = f**2 - 2*f. Suppose -7*d - x + 15 = -3*d, 0 = -5*x + 15. Let o be w(d). Let y = 1 - o. Let v(u) = u**2 - 3*u - 3. Calculate v(y).
7
Let x(z) = z**2 - 5*z + 4. Let q be x(5). Let d be (-2)/q - 51/(-34). Let i(v) = -13*v**2 - v + 1. Determine i(d).
-13
Let r(x) = -3*x - 1. Suppose 4*z + 5*o = -37, 63*o = -2*z + 59*o - 26. Calculate r(z).
8
Suppose -14*r + 53*r = -234. Let m(c) = 2*c**3 + c**3 - 6*c**2 + 1 - 4*c**3 - 2*c. Determine m(r).
13
Let d(q) = -q**2 - 18*q - 39. Let v be d(-3). Let x(c) = -6*c - 10. Give x(v).
-46
Let p(i) = -4*i**2 - 6*i - 3. Suppose 12 = -3*y - 2*f + 3*f, -2*y - 3*f - 8 = 0. Give p(y).
-43
Suppose -w - 6*f + f = -12, -14 = -5*w - 2*f. Suppose 4*i + w = -2*p - 0*p, -16 = 5*p - i. Let k(h) = 2*h + 4. Determine k(p).
-2
Suppose v - 96 = -2*v. Suppose 3*f - 4*u + v = 0, 8*f + 5*u - 9 = 4*f. Let n(k) be the second derivative of -k**4/12 - k**3 - k**2/2 - 3*k. Determine n(f).
7
Let h(o) = o**2 + 8*o - 15. Let g(c) = -1. Let i(f) = -3*g(f) - h(f). Give i(-10).
-2
Let o(r) be the first derivative of -r**4/2 + 2*r**3/3 + 2*r - 83. Calculate o(2).
-6
Let w(i) = 1 + 3*i - 2 - 2. Let c be (-50)/(-6) + 6/9. Suppose -c*y + 5*y = -8. Give w(y).
3
Let k = 927 + -927. Let f(h) be the third derivative of -1/60*h**5 + 1/24*h**4 - 1/3*h**3 + 0*h + 9*h**2 + k. Calculate f(2).
-4
Let k be 568/6 + (16/6)/(-4). Let j = 89 - k. Let n(c) = -2*c - 5. What is n(j)?
5
Let b(o) = 6*o. Let v(g) = 4*g + 3. Let s(l) = 3*l + 4. Let r(w) = -3*s(w) + 4*v(w). Let n(h) = -3*b(h) + 2*r(h). Determine n(2).
-8
Let x(p) be the first derivative of -p**2/2 - 9*p - 54. Determine x(-12).
3
Let y(f) = 2*f + f - 4*f - f**2 - 6. Let m = 11 - 9. Suppose m*v + 2*o - 7*o = 0, 5*v = o. Calculate y(v).
-6
Let j(s) = -s**2 - 12*s - 6. Let n = -42 + 32. Let x be j(n). Let z(b) = x - 9 + 7 + 2 - b. Give z(8).
6
Let w(n) = 4*n - 7. Let s be (2 - 4)/(-2)*1. Suppose -5 = -x - s. Let y be 0 + (x - (-2 - -1)). Give w(y).
13
Let m = 10 + -4. Let y(z) = z + 9. Let o(f) = -4*f + 2*f - 5 + 3 - 8. Let q(c) = -2*o(c) - 3*y(c). What is q(m)?
-1
Let o(t) = -2*t**2 + t - 337 + 118 + 118 + 108. What is o(-3)?
-14
Let a = -577 + 591. Let x(j) = j**3 - 13*j**2 - 16*j + 12. Give x(a).
-16
Let i = 34 + -30. Let l(b) = 17 - b**3 - 2*b**2 - 4*b**2 - i*b - 10. Determine l(-5).
2
Let r(l) = -l**2 + 10*l + 3. Suppose 2*c - 5*m - 23 = 0, -2 = -11*m + 13*m. Calculate r(c).
12
Suppose s - 3 = -1. Let i be -3 - (-2 + s*-5). Let f(v) = v**2 - 9*v + 2. What is f(i)?
2
Suppose -20 = 4*d - 4*x, 2*x = 5*d - 0*x + 19. Let n(q) be the first derivative of q**3/3 + 2*q**2 + 4*q - 32. Calculate n(d).
1
Let n(u) = u**3 + 6*u**2 + 8. Suppose 5 = -3*m - 5*g + 69, -g = -3*m + 52. Let p(v) = v**3 + v**2. Let q be p(1). Suppose q*j = -j - m. What is n(j)?
8
Let x(r) = -2*r**2 + 2*r + 2. Let a be x(2). Let f(s) = -2*s - 3. Let b be f(a). Let d be 2/(-3 + b + 1). Let o(j) = -j**2 + 2*j + 3. Calculate o(d).
-5
Let m(d) = -6*d**2 + 4*d - 5. Let x(g) = -11*g**2 + 8*g - 9. Let h(a) = 7*m(a) - 4*x(a). Give h(4).
17
Let d(x) = -x**3 + 7*x**2 + 2*x + 6. Suppose 0 = 3*o - 24 + 9. Suppose 24 = 5*k - 3*h - 2, 3*k - o*h = 6. Determine d(k).
20
Let m(y) = y - 1. Let d(l) be the third derivative of -l**4/12 + l**3/6 + 4*l**2. Let g = 0 - -2. Let o(q) = g*d(q) + 3*m(q). What is o(6)?
-7
Let q(x) be the third derivative of x**5/30 - 13*x**4/24 + 3*x**3/2 + 35*x**2 - 3*x. Calculate q(6).
3
Suppose 0 = -0*b - 4*b. Let w(j) = j + 5. Let l be w(6). Let h(m) = -m**2 + 22 - l - 6 - m. What is h(b)?
5
Let l(b) = -b**3 + 3 + 3*b - 8*b**2 + 30*b**2 - 11*b**2 - 13*b**2 - 5. What is l(-3)?
-2
Suppose 5*i - 65 = -5*v - 25, -3*v + 15 = 0. Suppose -i*f - 27 = -0*f. Let k = f + 4. Let o(j) = j + 3. Determine o(k).
-2
Let m(f) = -f**2 - f + 5. Suppose -4*u - 76 = 3*t, -3*u + 2*t - 36 = -t. Let g(i) = -i**2 - 17*i - 9 - 18 + 7. Let r be g(u). What is m(r)?
-7
Let f(b) = b**2 + b + 11. Let q be ((-2 + 2)/(-2))/(-4 + 6). Calculate f(q).
11
Let p(z) be the first derivative of -11*z**4/4 + z**3/3 - 1. Suppose -14*h + 2029 = 2015. What is p(h)?
-10
Let l(y) = 2*y**2 - 3. Let d be ((20/25)/(2/(-10)))/(-2). What is l(d)?
5
Let s(q) be the third derivative of q**5/20 + q**4/24 - q**3/3 + 90*q**2. Give s(2).
12
Let t(a) be the second derivative of a**5/60 + 5*a**4/24 - a**3 + 9*a. Let x(r) be the second derivative of t(r). Give x(-5).
-5
Let m(a) = -a**3 - 6*a**2 - 3*a + 5. Suppose -22*f - 62 - 48 = 0. Calculate m(f).
-5
Let x(c) = c**2 - 10*c - 8. Let o be x(11). Let b be -7 + 4 + 2 + 3. Let n(q) = -2*q**2 - b*q + 1 - 3*q**2 - 2*q**2 + 4*q**2 + q**3. Calculate n(o).
-5
Let u = -44 - -72. Suppose 4*c - j - j - 28 = 0, -3*c + 5*j = -u. Let l(m) = -3*m + 5 + 2 + 0*m. What is l(c)?
-11
Let i(m) = -8*m**2 - 6*m + 1. Let c(k) = 4*k**2 + 3*k - 1. Let l(f) = -11*c(f) - 6*i(f). Let g(v) = -v**2 - v. Let q(s) = -5*g(s) - l(s). What is q(-5)?
10
Let f(s) = -5*s. Let y be f(-1). Let n(r) = -10 - y*r**2 + 5 + 7*r**2 - 8*r. What is n(6)?
19
Let d(h) = -18*h**2 + 9 - 1 - 14*h + h**3 - 1 - 11*h**2 + 24*h**2. Determine d(7).
7
Suppose 13*f - 9*f - 60 = 0. Let o = -19 + f. Let j(s) = s**3 + 3*s**2 - 3*s. Determine j(o).
-4
Suppose -3*t = -0*t - 48. Let y(l) = -t - l**3 - 7*l**3 + 17. Let d(g) = g**2 - 5*g - 1. Let a be d(5). Give y(a).
9
Let c(z) be the first derivative of z**4/4 - z**3 + z**2 + 2*z - 97. What is c(4)?
26
Let z(d) = -12*d - 1. Let i(v) = 12*v + 1. Let p(u) = -5*i(u) - 4*z(u). Suppose 0 = 5*r - 4*x - 7, -5*x + 2 = -r - 5. Suppose -2*f + 1 = r. Give p(f).
11
Let o(z) be the second derivative of z**2 + 6*z - 1/24*z**4 + 2/3*z**3 + 0. Let a(k) be the first derivative of o(k). Calculate a(0).
4
Let g(h) = h + 0*h + 4*h + 3 - 10*h - 16. What is g(-10)?
37
Let p(x) be the first derivative of x**3/3 - 7*x**2/2 - 24*x + 507. Give p(10).
6
Let m = -1746 - -1755. Let r(j) = 3*j - 34. Calculate r(m).
-7
Let p(w) = -2*w**3 - 11*w**2 - 8*w - 10. Let x be p(-5). Let l(q) = q**2 - q. Let n(d) = 6*d**2 - 11*d - 2. Let f(z) = -5*l(z) + n(z). What is f(x)?
-7
Let r(d) = d**2 - 8*d + 7. Let w be r(8). Let n(u) = -2*u - 15. Let l be n(-6). Let j = l + w. Let z(h) = -h + 5. What is z(j)?
1
Let j(c) be the first derivative of -c**4/4 + 2*c**3 + 9*c**2/2 + 5*c + 389. What is j(7)?
19
Suppose 5*o - 3*k - 7 = -5*k, 3*k = -12. Let c = -15 + 19. Suppose c + 2 = o*d. Let r(l) = -2*l**2 - 2*l + 2. Give r(d).
-10
Let k(h) = h**2 - 5. Let a be (-3 - 21/(-6))*0. Calculate k(a).
-5
Let v(h) = -5*h - 6. Let a(q) = q + 1. Let r(l) = 6*a(l) + v(l). Let y(u) = 5*u + 15. Let z(m) = -4*r(m) + y(m). Give z(0).
15
Let k(q) = 5*q + 1. Let d = -1 + 0. Let y(j) = 7*j - 2*j - 4*j. Let a be y(d). What is k(a)?
-4
Let c(z) = 4*z**3 - 2*z**2 + 3*z. Let j(t) = 4*t - 22. Let h be j(6). What is c(h)?
30
Let f(a) be the third derivative of -a**5/60 + a**4/6 + a**3/3 + a**2. Let n be (10/15)/((-28)/(-168)). What is f(n)?
2
Let g(u) = -8*u**2 - 13*u + 5. Let h(c) = -7*c**2 - 12*c + 4. Let i(q) = 5*g(q) - 6*h(q). Calculate i(-4).
5
Let a(w) = -25*w - 31*w - 26*w + 78*w - 3. Give a(4).
-19
Let r(n) = n**3 + 3*n**2 + 2*n + 2. Let l = 33 - 23. Let b be 184/10 + (-4)/l. Suppose 16*f = b*f + 6. Give r(f).
-4
Suppose -2*j + j + 4 = 0. Let c(v) be the third derivative of -v**4/12 + 5*v**3/6 + 159*v**2. Give c(j).
-3
Let n(z) = 5*z + 8. Let t be ((135/(-30))/(-9))/((-1)/12). Determine n(t).
-22
Let m(x) = 0*x + 4*x + 190*x**2 - 193*x**2. Let q(u) = -4*u**2 + 5*u. Let t(c) = 6*m(c) - 5*q(c). Determine t(-1).
3
Let d(w) = -w + 2. Let j be ((-128)/80)/((-4)/(-10)). Let l be (-12)/(-8) - (-30)/j. What is d(l)?
8
Let q(p) = p**2 - p + 1. Let f(a) = 7*a**2 - 2*a + 1. Let n(b) = -7*b**2 - 2*b - 1. Let h be n(-1). Let d(v) = h*q(v) + f(v). Calculate d(-5).
0
Let b(i) = -3*i**3 + 2*i. Let d(v) = 4*v**3 - v**2 - 3*v. Let q